 k*m + 3*t = 0. Calculate the remainder when 9 is divided by m.
1
Suppose -2*z + r + 39 = -19, 3*r = -2*z + 66. Let n be (-6)/(-15)*(5 - 16 - 54). Let b = n + z. What is the remainder when 10 is divided by b?
2
Suppose -12 = -11*r + 7*r. Suppose -4*g + f + 25 = 2, -3*f = -r*g + 24. Calculate the remainder when 11 is divided by g.
1
Suppose 0 = -2*w + k - 6*k + 36, -w = k - 15. Let z be (-345)/(-20)*16/6. Suppose z = 2*q - 0*l - 2*l, 5*l = 5. What is the remainder when q is divided by w?
11
Let t = -7 + 12. Let w(s) = -25*s + 21. Let d be w(4). Let a = 93 + d. What is the remainder when a is divided by t?
4
Suppose -21*s + 28*s = 21. Suppose 2*o - 4*v = -3*v + 96, 0 = s*o - v - 142. Calculate the remainder when 182 is divided by o.
44
Let i = 318 - -89. Calculate the remainder when i is divided by 107.
86
Let p(t) = -7 + 3*t**3 - 4*t - 2*t - 52*t**2 + 47*t**2 + 0*t. Calculate the remainder when p(5) is divided by 36.
33
Let p(v) = -v - 7. Calculate the remainder when p(-28) is divided by 20.
1
Let b = 3 - -5. Suppose -2*z - 3*u - 22 = -61, -3*z + 61 = 4*u. What is the remainder when z is divided by 2/1 + (b - 0)?
7
Let p = 89 + -57. Let b = -14 + p. Suppose 2*f = -f + 30. What is the remainder when b is divided by f?
8
Suppose 0 = -48*i + 43*i + 270. What is the remainder when i is divided by 25?
4
Let i = -172 - -211. What is the remainder when i is divided by 17?
5
Suppose 41 = 3*l - 2*l. Suppose 4*y + j = -0*j + l, -2*y - 5*j = -7. What is the remainder when 21 is divided by y?
10
Let d = -14 + 21. Suppose -d*g = -11*g. Suppose g = a + 3*a - 100. Calculate the remainder when a is divided by 14.
11
Suppose 0 = -5*x + 2*t + 69, 2*t + 2 = x - 7. Suppose -3*d = -d - 146. Calculate the remainder when d is divided by x.
13
Suppose 71*f - 5784 = -246. Calculate the remainder when 222 is divided by f.
66
Suppose a - 3 = -0*a. Let h = -5 + a. Calculate the remainder when (h/(-6))/((-3)/(-63)) is divided by 5.
2
Suppose x + 14 = 2*u, u + 11 = 4*u - 4*x. Let v = -2 + u. Suppose g - v = 7. What is the remainder when 40 is divided by g?
12
Let l(r) = r**3 + 23*r**2 + 17*r + 20. Calculate the remainder when l(-22) is divided by 68.
62
Let v(r) = 2*r**2 - 4*r - 52. Calculate the remainder when 81 is divided by v(-5).
9
Let x = 6 - -11. Calculate the remainder when -1 - (-67 - 0/1) is divided by x.
15
Let k(j) = 3*j**3 + 4*j**2 + 2*j - 7. What is the remainder when k(3) is divided by 13?
12
Calculate the remainder when 49 is divided by -1 + -1 - (3 - (-3 + 25)).
15
Calculate the remainder when 3236/33 - (-8)/(-132) is divided by 42.
14
Suppose -65*m + 178 + 401 + 461 = 0. Suppose 0 = -0*a + 4*a - 112. Calculate the remainder when a is divided by m.
12
Let z = -82 + -32. Let w = 133 + z. Calculate the remainder when w is divided by 11.
8
Let d be 16/6*36/24. Suppose 88 = 4*u + 4*j, 3*u + 0*j - d*j = 59. What is the remainder when 59 is divided by u?
17
Suppose -a - 5 = -9. Suppose -2*c + 0 + a = 0. Suppose c*d + 2*p = 32, 2*d - 120 = -3*d + 3*p. What is the remainder when 62 is divided by d?
20
Suppose 72*w = 5*w + 10519. What is the remainder when w is divided by 48?
13
Let z = -829 - -1330. What is the remainder when z is divided by 72?
69
Suppose 4*y = -a + 48, -4*y - 175 = -4*a - 3*y. Calculate the remainder when 300 is divided by a.
36
Suppose 24*j + 70 = 38*j. Calculate the remainder when 23 is divided by j.
3
What is the remainder when 38 - 0/(-6) - 1 is divided by (-3 + 1)/2 - -21?
17
Suppose 21*j - 917 + 266 = 0. Calculate the remainder when j is divided by 13.
5
Let a(g) = 4*g**3 - g**2 - 2*g - 1. Suppose 3*b - 4 - 2 = 0. What is the remainder when (-16 - -20) + (-261)/(-3) is divided by a(b)?
22
What is the remainder when 4/(198/39 + -5) - -5 is divided by 15?
12
Suppose 2*b - 3*g = 10, 3*g = -b - 2*b. Let j = 16 - b. Suppose 3*a - 2*d - 2*d - 97 = 0, -5*a + 3*d = -147. What is the remainder when a is divided by j?
13
Let p(d) = d**3 + d**2 + 2*d + 4. Suppose -b - 3*b = -4*v - 4, 4*b + 5*v - 22 = 0. Calculate the remainder when p(b) is divided by 13.
7
Suppose q - 2 + 3 = 0, -p = q + 6. Let o(b) = -16*b + 6. Suppose -203 = -s - 6*s. What is the remainder when o(p) is divided by s?
28
Suppose 2*r + d - 46 = 0, 5*r - 23 = 4*r - 5*d. Calculate the remainder when 89 is divided by r.
20
Suppose s + 6*v - 104 = 2*v, -3*v - 219 = -2*s. Let t = -68 + s. What is the remainder when 79 is divided by t?
39
Suppose -12132 = -24*h - 972. Calculate the remainder when h is divided by 18.
15
Let j = 246 + -225. What is the remainder when 481 is divided by j?
19
Suppose -4*u - 2*h = 2*h - 16, u + 3*h = 0. Let b be (-20)/u + (-26)/39. Calculate the remainder when 41 is divided by (-99)/(-6)*b/(-3).
19
Let a = 7 + 5. Let y(j) = 2*j**3 + 6*j**2 + 3*j + 1. Let t be y(-2). What is the remainder when 42 + (-4)/t*-3 is divided by a?
10
Let i = -356 + 459. Calculate the remainder when i is divided by 26.
25
Suppose 3*w - 2*v = 4, -v + 6 = w + 3*v. Calculate the remainder when w/2*(-2)/6*-87 is divided by 16.
13
Let s(a) = a**3 - 27*a**2 - 28*a + 173. Calculate the remainder when s(28) is divided by 44.
41
Let a(k) = 23*k**3 + 1. Let l be a(1). Calculate the remainder when (54/2)/(8/l) is divided by 41.
40
Let r(t) = 3*t - 65. Let v(g) = -g + 32. Let u(f) = 2*r(f) + 5*v(f). What is the remainder when 21 is divided by u(-16)?
7
Let z(l) = 3*l**3 - 24*l**2 + 3*l + 7. What is the remainder when 89 is divided by z(8)?
27
Let p be 8/14 - (-264)/(-21). Calculate the remainder when (1 - 2) + 0 - p is divided by 5*(-9)/(-15)*2.
5
What is the remainder when 141 is divided by 667/69 + (0 - 8/(-6))?
9
Suppose -39 - 22 = -a - 4*s, 3*a = 2*s + 211. Let x = -3 - 3. What is the remainder when a is divided by (4 + -5)*4*x?
21
Let f = 398 - 239. Calculate the remainder when f is divided by 19.
7
Suppose 12 = 4*n + 2*o, -5*n - o = -3*o - 6. Suppose 0 + 12 = 3*x, -n*a = -4*x - 58. Suppose -76 = -6*d + 2*d. Calculate the remainder when a is divided by d.
18
Let l = 73 - 28. Let g be ((-4)/5)/(3/l). Calculate the remainder when 17 is divided by (-2 + 0)*g/4.
5
Let x(n) = -3*n - 6. Let q be x(-4). Let t = q - -3. Calculate the remainder when (2/4)/(7/(-70))*-7 is divided by t.
8
Let g(v) = v - 9. Suppose -2*z - 77 = -2*c + c, -4*z + 399 = 5*c. Calculate the remainder when c is divided by g(25).
15
Let r = -100 - -118. Calculate the remainder when 30 is divided by 12/r - (-22)/3.
6
Suppose 30*h = 2*u + 28*h - 34, -u + 2*h = -16. Calculate the remainder when 395 is divided by u.
17
Suppose -29 - 53 = i + 5*j, 2*i - j = -120. Let s be i/3 - (-7)/(-21). Let k = s - -40. Calculate the remainder when 74 is divided by k.
17
Let j = -922 - -944. What is the remainder when 48 is divided by j?
4
Let x(o) = 6*o + 1. Let z(n) = -7*n - 1. Let d(f) = -3*x(f) - 2*z(f). What is the remainder when 27 is divided by d(-4)?
12
Let a = -1515 - -1545. Calculate the remainder when 99 is divided by a.
9
Let b(h) = -h**2 + h + 18. Let t be b(4). Suppose 3*u + 225 = t*p - 4*p, -3 = -u. What is the remainder when p is divided by 24?
21
Suppose -a + 43 - 7 = 0. Let p = a + -8. Suppose 4*g - 6*g + p = 4*l, -2*g - 3*l = -23. Calculate the remainder when 11 is divided by g.
3
What is the remainder when 527 is divided by 58 - 8/(8/5)?
50
Let i = -15 - -10. Let a = 13 - i. Calculate the remainder when 62 is divided by 6/(-27) + 292/a.
14
Let r(b) = -b - 14. Let d be r(-6). Let c be 76/d + 1/2. Let s = c - -27. Calculate the remainder when 33 is divided by s.
15
Let a(m) = 23*m**3 + 2*m - 1. Calculate the remainder when 89 is divided by a(1).
17
Let c(t) = t + 9. Suppose 6*z + 42 = 24. What is the remainder when 34 is divided by c(z)?
4
Let s be 50/4 + 6/12. Suppose d = 4*w + 9, 4*d - w - s = 8. Suppose 283 = d*b - 52. What is the remainder when b is divided by 23?
21
Let q = -1437 - -1441. Calculate the remainder when 47 is divided by q.
3
Let t be 3 - -58 - (0 - -3 - 1). Let g = t - 32. Suppose f = h - 81, 299 = 5*h - 3*f - 102. What is the remainder when h is divided by g?
25
Let x = -1 - -23. Suppose 5*j = -x - 8. Calculate the remainder when 11/33 - 40/j is divided by 3.
1
Suppose 4*c = -5*w + 75, 0 = -w + 16 - 21. Calculate the remainder when 37 is divided by c.
12
Let v be (3/6)/(1/12). Let k = v + 7. Calculate the r